p = 219, -p + 265 = -5*s + 1230. Let r = s - 97. What is the tens digit of r?
9
Suppose 9*w = 4*w + 2*b - 573, 0 = 4*w + 2*b + 444. Let p = 56 - w. What is the units digit of p?
9
Let w be (6 - 0)/((-9)/132). Let q be (-16)/w + (-4)/22. Suppose 5*b - 30 = -q. What is the units digit of b?
6
Let o(c) = -c**2 + 14*c + 17. Let p be ((-42)/(-18))/(1/6). Let b be o(p). Suppose n - b = 7. What is the units digit of n?
4
Suppose 3*k - 8729 = 5*c - 32640, 5*c - 2*k - 23914 = 0. What is the tens digit of c/128 + (-6)/16?
3
Suppose 6*l - 8*l + 5*j = -2582, 0 = 4*l + 5*j - 5134. What is the units digit of l?
6
Let s(x) = -x**3 + 30*x**2 + 7*x + 38. What is the units digit of s(18)?
2
Let q = 3504 - 2261. What is the hundreds digit of q?
2
Let b(d) = -3*d + 3. Let y be (-7)/2*80/(-28). Suppose 20 = -2*h + y. What is the units digit of b(h)?
8
Suppose 7*n = 13224 + 5207. What is the hundreds digit of n?
6
Let j(c) be the third derivative of c**5/20 - 7*c**4/24 - 4*c**3/3 + 37*c**2. What is the units digit of j(-4)?
8
What is the units digit of 2/(12/6718) + (-13)/(-39)?
0
Let u(z) be the second derivative of z**5/20 + 4*z**4/3 + z**3/6 + 11*z**2 + 14*z. What is the units digit of u(-16)?
6
Suppose 0*s + s - 4 = 0. Suppose -4*c - d = c - 167, 3*c + s*d = 90. What is the tens digit of c?
3
Let u = -1325 + 2102. What is the units digit of u?
7
Suppose 41 + 259 = 4*o. Let k be (-4)/16 - (-1)/((-4)/(-513)). Suppose 0 = -5*s + 4*p + k, o = s + 2*s - 3*p. What is the tens digit of s?
2
Let l(r) = 1 + r**2 - 7*r - 4*r + 2 + 16*r. What is the tens digit of l(-11)?
6
Suppose -d = -3*p + 60 + 281, 2*p - 238 = -2*d. Let v = p - 60. What is the tens digit of v?
5
Suppose -x + 3*z = -478, 0 = -x + 12*z - 10*z + 478. What is the hundreds digit of x?
4
Let d = -102 + 1. What is the tens digit of 0/(-3) - d/1?
0
What is the tens digit of 4173 + 5 + (-16 - -5)?
6
Let u(h) = 75*h - 282. What is the tens digit of u(4)?
1
What is the hundreds digit of -12*((-5)/(-25))/((-4)/310)?
1
Suppose 5535 - 33615 = -40*m. What is the units digit of m?
2
Let h(n) = -n**2 + 4*n + 5. Let d be h(3). Let a be (8/(-16))/((-2)/d). Suppose -l + 71 = 2*j + a*j, -3*l = 5*j - 220. What is the tens digit of l?
7
Let v(g) = -3*g - 12. Let w = -18 - -7. Let p be v(w). Suppose -2*z + p + 17 = 0. What is the tens digit of z?
1
Let g be (3 - 6) + (-18 - -1). Let f be (-5)/g - 19/(-4). Let z(q) = 7*q + 11. What is the units digit of z(f)?
6
Suppose 29*r = -16*r + 118665. What is the tens digit of r?
3
Let n = 226 - -56. What is the units digit of n?
2
Suppose 2*k = -k + 144. Let t = 309 - 294. What is the units digit of (k/t)/(3/15)?
6
Let i be ((-2)/(-4))/(7/14). Let r = i - 6. Let z(v) = v**2 + 4*v + 6. What is the units digit of z(r)?
1
Let v(r) = 2*r**2 - r - 6. Suppose -2*b + k - 1 = -3*b, b - k = 5. What is the units digit of v(b)?
9
Let a be (63/(-12))/((-3)/12). Let s = a - -37. Suppose -4*v + 262 = s. What is the tens digit of v?
5
Suppose 0 = 4*s, -4*j + s + 0*s - 40 = 0. Let c be j/(-2)*(-8)/(-5). Suppose -3*g - 45 = -c*g. What is the units digit of g?
9
Let n(o) = 7*o**2 - 1. Let g be n(1). Suppose -g*f = -5*f. Suppose f = 5*l, 0*l + 5*l = -3*j + 18. What is the units digit of j?
6
Let h = 14 - 9. Suppose -h*q + 17 = -18. Let o(r) = r**3 - 6*r**2 - 4*r + 1. What is the tens digit of o(q)?
2
Suppose 3*u - 2286 = -3*l, 3*u - 1160 = 3*l + 1120. What is the hundreds digit of u?
7
Suppose y + 2 = 1, -p + 1426 = -3*y. What is the hundreds digit of p?
4
Let j(r) = -51*r. Suppose -a + 1 = 4*c + 3, -c - 3*a = -5. Let s be j(c). Let v = s - 19. What is the tens digit of v?
3
Let i(p) = -p**3 - 6*p**2 - 7*p - 5. Let c be i(-5). Suppose -c*y + 34 = -31. What is the units digit of (-2)/(-6)*(y + -1)?
4
Let b(a) = 4*a**2 + 12*a + 3. Let x = -11 + 5. What is the tens digit of b(x)?
7
Let m(r) be the first derivative of -r**4/12 - 5*r**3/2 - 7*r**2 + 2*r - 2. Let x(p) be the first derivative of m(p). What is the tens digit of x(-13)?
1
Suppose z = 4*z - 141. Let u = 113 - z. What is the tens digit of u?
6
Suppose 0*k = k - 4. Suppose -k*o = o + 155. Let c = o - -45. What is the tens digit of c?
1
Let s(d) = -d + 3. Let m be s(-9). Suppose -7*r + 4*r + m = 0. Suppose -c = -g + r, 0 = -5*c - 0 + 10. What is the units digit of g?
6
Let v(b) = 125*b**2 - 14*b + 49. What is the hundreds digit of v(3)?
1
What is the tens digit of (-970)/(-40) + (-4)/(-48)*-3?
2
Suppose -168*x + 169*x = 1299. What is the thousands digit of x?
1
Suppose -1167 = -5*k + 3113. What is the tens digit of k?
5
Let n(x) = 7 - 11*x - 13*x + 12*x. What is the units digit of n(-7)?
1
Let a = 41 - 39. Suppose -a*w = -7 - 149. What is the units digit of w?
8
Suppose 3*x + 0 - 12 = 0. Suppose -11 = -5*m - 6*v + 3*v, -4*m + 2*v = -22. Suppose -r + 111 = m*r - f, 0 = -4*f - x. What is the tens digit of r?
2
Suppose -7*n + 257 = -1402. What is the hundreds digit of n?
2
Let u = 73 - 33. Let d(t) = t + 73. Let l be d(-6). Let b = l - u. What is the units digit of b?
7
Let d be (-1)/(-2)*-6 - -6. What is the units digit of (-1)/(d*2/(-312))?
2
Let l = 42 + 110. Suppose 2*w - b = 200, -3*w - 2*b + 459 - l = 0. What is the tens digit of w?
0
Suppose -12 = 4*v - 5*w, -2*v - w + 2*w = 0. Suppose -s + 21 = t, -5*t + 83 = v*s - 25. What is the units digit of t?
2
Let a(n) = -16*n + 48. What is the tens digit of a(-25)?
4
Suppose 6*o - 30 = o. What is the tens digit of (-68)/o*30/(-20)?
1
Let r be ((-30)/2)/((-3)/(-4)). Let q = -6 - r. Suppose -3*u = -2*a + 3*a - 64, 4*a - q = -u. What is the units digit of u?
2
Let k be 0 - (-4)/6*6. Suppose 9*f - 430 = k*f. What is the units digit of f?
6
Let l(b) = -b**2 + 7*b + 24. What is the units digit of l(6)?
0
Let o = -479 - -1222. What is the units digit of o?
3
Suppose -2*g - 5*v + 21 = 0, -v - 9 = -4*g - 0. Let j = -192 - -320. Suppose -25 = -g*c + j. What is the tens digit of c?
5
Let h = 693 + -437. What is the units digit of h?
6
Let w(s) be the first derivative of -s**3/3 - 7*s**2 + 3*s - 2. Let l(t) = -14*t**3 + t**2 - t + 1. Let m be l(1). What is the units digit of w(m)?
6
Suppose 4*o = 5*l + 4140, -2*l - 3105 = o - 4*o. What is the units digit of o?
5
Suppose 143 = 2*j - 473. What is the tens digit of 1/(-1 + j/304)?
7
Suppose -12*r - 1708 + 7360 = 0. Suppose 0*y + 2*y + z = r, -5*y + z = -1181. What is the tens digit of y?
3
Let z(m) = 324*m + 42. What is the units digit of z(13)?
4
Let b(p) = 5*p**2 + 38*p - 148. What is the hundreds digit of b(-27)?
4
Let n(h) = h**3 - 47*h**2 + 51*h + 441. What is the hundreds digit of n(48)?
1
Suppose 2*r = -s + 2, -5*s + 3*r - 20 = -2*r. What is the units digit of (6*(-8)/60)/(s/285)?
4
Let k(f) = -37*f + 131. What is the units digit of k(-4)?
9
Let t(k) = 2607*k**2 - 5*k + 7. What is the thousands digit of t(1)?
2
What is the thousands digit of (9 + -4 + -550)*(-42)/10?
2
Let c = 1501 + -941. Suppose -7*y - c = -2*y. Let w = y + 174. What is the tens digit of w?
6
Let q = 347 - -646. What is the units digit of q?
3
Let t(w) = 7*w + 20*w + 4 + 0 - 3. Let o be t(-1). What is the units digit of (-8)/(-52) + (-802)/o?
1
Let u = -12 - -17. Suppose -64 = -3*m + u*r, 2*r + 67 = 2*m + m. What is the tens digit of m?
2
Let q = -105 + 497. What is the tens digit of q?
9
Let c(w) = -w**2 - 14*w - 20. Let x be c(-12). Suppose -4*u + 43 = -3*f - 115, -3*u - x*f + 131 = 0. What is the tens digit of u?
4
Suppose y - g - 4772 = 2*g, -3*y = 5*g - 14302. What is the tens digit of y?
6
Let k(l) = 224*l + 16. What is the tens digit of k(10)?
5
Let u = -107 - -113. Suppose 0 = u*n - 787 - 347. What is the tens digit of n?
8
Suppose -3*m + 0*m = 9. Let g = 38 - m. Suppose -5*o + g = 3*k, -2*k + 44 = o + 4*o. What is the units digit of o?
0
Suppose -i + 3*i - 8 = 0. Let t be (-2)/1 + (-4)/(20/(-505)). Suppose i*n = 4*s - 3*s + t, n - 30 = 2*s. What is the tens digit of n?
2
Suppose 2*d - 2*v - 1845 - 485 = 0, -3510 = -3*d - 2*v. What is the units digit of d?
8
Let l = 51 + -35. What is the hundreds digit of (-9)/(-12) - (-2932)/l?
1
Let x = 1175 + -495. What is the hundreds digit of x?
6
What is the thousands digit of 71981/(-49)*(-4)/2?
2
Let m(j) = 6*j**2 - j. Let k = 9 + -10. Let s be m(k). Suppose 4*y - 40 = -g, -s = 3*g + y - 72. What is the units digit of g?
0
Let a(n) = -371